{"id":797,"date":"2019-11-17T07:07:00","date_gmt":"2019-11-17T07:07:00","guid":{"rendered":"http:\/\/pluginspoint.com\/chariton\/\/?page_id=797"},"modified":"2025-02-08T13:48:04","modified_gmt":"2025-02-08T13:48:04","slug":"minaz-nakliyat-firmasi-hakkinda","status":"publish","type":"page","link":"https:\/\/minaznakliyat.com\/main\/minaz-nakliyat-firmasi-hakkinda\/","title":{"rendered":"Hakk\u0131m\u0131zda"},"content":{"rendered":"\t\t<div data-elementor-type=\"wp-page\" data-elementor-id=\"797\" class=\"elementor elementor-797\">\n\t\t\t\t\t\t<section class=\"elementor-section elementor-top-section elementor-element elementor-element-bb59d6e elementor-section-boxed elementor-section-height-default elementor-section-height-default\" data-id=\"bb59d6e\" data-element_type=\"section\">\n\t\t\t\t\t\t<div class=\"elementor-container elementor-column-gap-default\">\n\t\t\t\t\t<div class=\"elementor-column elementor-col-100 elementor-top-column elementor-element elementor-element-f69b58d\" data-id=\"f69b58d\" data-element_type=\"column\">\n\t\t\t<div class=\"elementor-widget-wrap elementor-element-populated\">\n\t\t\t\t\t\t<section class=\"elementor-section elementor-inner-section elementor-element elementor-element-dd37212 elementor-section-boxed elementor-section-height-default elementor-section-height-default\" data-id=\"dd37212\" data-element_type=\"section\">\n\t\t\t\t\t\t<div class=\"elementor-container elementor-column-gap-default\">\n\t\t\t\t\t<div class=\"elementor-column elementor-col-50 elementor-inner-column elementor-element elementor-element-c341234\" data-id=\"c341234\" data-element_type=\"column\">\n\t\t\t<div class=\"elementor-widget-wrap elementor-element-populated\">\n\t\t\t\t\t\t<div class=\"elementor-element elementor-element-71d6fdd elementor-widget elementor-widget-section-head\" data-id=\"71d6fdd\" data-element_type=\"widget\" data-widget_type=\"section-head.default\">\n\t\t\t\t<div class=\"elementor-widget-container\">\n\t\t\t\t\t\t        <div class=\"section-title t-section-title t-features-title text-left \" style=\"background-image: url();\">\r\n\t            \t\t        <span >19 Y\u0131ll\u0131k tecr\u00fcbe ile<\/span>\r\n\t\t        \t\t        <h2 >Kurumsal<\/h2>\r\n\t\t        \t        <\/div>\r\n\r\n\t    \t\t\t\t\t<\/div>\n\t\t\t\t<\/div>\n\t\t\t\t\t<\/div>\n\t\t<\/div>\n\t\t\t\t<div class=\"elementor-column elementor-col-50 elementor-inner-column elementor-element elementor-element-b91c1f4\" data-id=\"b91c1f4\" data-element_type=\"column\">\n\t\t\t<div class=\"elementor-widget-wrap\">\n\t\t\t\t\t\t\t<\/div>\n\t\t<\/div>\n\t\t\t\t\t<\/div>\n\t\t<\/section>\n\t\t\t\t<div class=\"elementor-element elementor-element-82465e4 elementor-widget elementor-widget-heading\" data-id=\"82465e4\" data-element_type=\"widget\" data-widget_type=\"heading.default\">\n\t\t\t\t<div class=\"elementor-widget-container\">\n\t\t\t\t\t<p class=\"elementor-heading-title elementor-size-default\">Minaz Nakliyat: G\u00fcvenli ve Profesyonel Tanker Ta\u015f\u0131mac\u0131l\u0131\u011f\u0131 \u00c7\u00f6z\u00fcmleri<\/p>\t\t\t\t<\/div>\n\t\t\t\t<\/div>\n\t\t\t\t<div class=\"elementor-element elementor-element-570b4ef elementor-widget elementor-widget-text-editor\" data-id=\"570b4ef\" data-element_type=\"widget\" data-widget_type=\"text-editor.default\">\n\t\t\t\t<div class=\"elementor-widget-container\">\n\t\t\t\t\t\t\t\t\t<p><img fetchpriority=\"high\" decoding=\"async\" class=\"wp-image-3066 alignright\" src=\"https:\/\/minaznakliyat.com\/main\/wp-content\/uploads\/2025\/02\/minaz-nakliyat-araclari-3-300x169.jpg\" alt=\"\" width=\"387\" height=\"217\" srcset=\"https:\/\/minaznakliyat.com\/main\/wp-content\/uploads\/2025\/02\/minaz-nakliyat-araclari-3-300x169.jpg 300w, https:\/\/minaznakliyat.com\/main\/wp-content\/uploads\/2025\/02\/minaz-nakliyat-araclari-3-1024x576.jpg 1024w, https:\/\/minaznakliyat.com\/main\/wp-content\/uploads\/2025\/02\/minaz-nakliyat-araclari-3-768x432.jpg 768w, https:\/\/minaznakliyat.com\/main\/wp-content\/uploads\/2025\/02\/minaz-nakliyat-araclari-3-1536x864.jpg 1536w, https:\/\/minaznakliyat.com\/main\/wp-content\/uploads\/2025\/02\/minaz-nakliyat-araclari-3.jpg 1599w\" sizes=\"(max-width: 387px) 100vw, 387px\" \/>Minaz Nakliyat, T\u00fcrkiye genelinde tanker ta\u015f\u0131mac\u0131l\u0131\u011f\u0131 alan\u0131nda faaliyet g\u00f6steren ve sekt\u00f6rdeki en y\u00fcksek g\u00fcvenlik standartlar\u0131na sahip \u00f6nc\u00fc bir ta\u015f\u0131mac\u0131l\u0131k firmas\u0131 olarak, y\u0131llar\u0131n deneyimi ve g\u00fc\u00e7l\u00fc altyap\u0131s\u0131 ile sekt\u00f6rdeki lider konumunu s\u00fcrd\u00fcrmektedir. Su, at\u0131k ya\u011f, at\u0131k su, yan\u0131c\u0131 ve patlay\u0131c\u0131 maddeler, kimyasal maddeler ve di\u011fer s\u0131v\u0131 ta\u015f\u0131ma hizmetleriyle kurumsal m\u00fc\u015fterilerine g\u00fcvenilir, h\u0131zl\u0131 ve profesyonel \u00e7\u00f6z\u00fcmler sunmay\u0131 ilke edinmi\u015ftir. \u0130htiya\u00e7 duydu\u011funuz her t\u00fcrl\u00fc s\u0131v\u0131 ta\u015f\u0131mac\u0131l\u0131\u011f\u0131 konusunda, en zorlu taleplerinizi kar\u015f\u0131lamak i\u00e7in geni\u015f bir hizmet yelpazesi ve y\u00fcksek kaliteli ta\u015f\u0131ma se\u00e7enekleri sunmaktay\u0131z.<\/p><p><strong>Deneyimli Ekip ve Son Teknoloji Ekipmanlar<\/strong><\/p><p>Minaz Nakliyat, her biri kendi alan\u0131nda uzmanla\u015fm\u0131\u015f, deneyimli ve sertifikal\u0131 profesyonellerden olu\u015fan g\u00fc\u00e7l\u00fc bir kadroya sahiptir. Ta\u015f\u0131ma i\u015flemlerini ger\u00e7ekle\u015ftiren personelimiz, y\u00fcksek g\u00fcvenlik \u00f6nlemleri ve titizlikle e\u011fitilmi\u015ftir. Sekt\u00f6rdeki en son teknolojilerle donat\u0131lm\u0131\u015f tanker filomuz, her t\u00fcrl\u00fc s\u0131v\u0131 maddenin ta\u015f\u0131nmas\u0131nda en y\u00fcksek kaliteyi ve g\u00fcvenli\u011fi sa\u011flayacak \u015fekilde tasarlanm\u0131\u015ft\u0131r. Tankerlerimiz, ta\u015f\u0131mac\u0131l\u0131k s\u00fcre\u00e7lerinin her a\u015famas\u0131nda verimlilik ve g\u00fcvenli\u011fi \u00f6n planda tutarak, hem m\u00fc\u015fterilerimizin hem de \u00e7evrenin g\u00fcvenli\u011fini garanti alt\u0131na al\u0131r.<\/p><p><strong>Geni\u015f Hizmet Yelpazesi ve Sekt\u00f6rel \u00c7\u00f6z\u00fcm Ortakl\u0131klar\u0131<\/strong><\/p><p>Minaz Nakliyat, s\u0131v\u0131 ta\u015f\u0131mac\u0131l\u0131\u011f\u0131 alan\u0131ndaki geni\u015f hizmet yelpazesiyle farkl\u0131 sekt\u00f6rlere \u00f6zel \u00e7\u00f6z\u00fcmler \u00fcretmektedir. Su ta\u015f\u0131ma, at\u0131k ya\u011f ve at\u0131k su ta\u015f\u0131mac\u0131l\u0131\u011f\u0131, yan\u0131c\u0131 ve patlay\u0131c\u0131 maddeler, kimyasal maddeler ve end\u00fcstriyel ya\u011flar gibi \u00e7e\u015fitli s\u0131v\u0131lar\u0131n ta\u015f\u0131nmas\u0131nda, sekt\u00f6rdeki her t\u00fcrl\u00fc d\u00fczenleme ve g\u00fcvenlik prosed\u00fcr\u00fcne tam uyum g\u00f6stererek hizmet sunmaktad\u0131r. Ayr\u0131ca, ta\u015f\u0131ma s\u00fcre\u00e7lerinin her a\u015famas\u0131nda m\u00fc\u015fteri ihtiya\u00e7lar\u0131na \u00f6zel \u00e7\u00f6z\u00fcmler geli\u015ftirmekte ve g\u00fcvenli, zaman\u0131nda teslimatlar\u0131 garantilemekteyiz.<\/p>\t\t\t\t\t\t\t\t<\/div>\n\t\t\t\t<\/div>\n\t\t\t\t\t<\/div>\n\t\t<\/div>\n\t\t\t\t\t<\/div>\n\t\t<\/section>\n\t\t\t\t<section class=\"elementor-section elementor-top-section elementor-element elementor-element-ec3d61d elementor-section-boxed elementor-section-height-default elementor-section-height-default\" data-id=\"ec3d61d\" data-element_type=\"section\" data-settings=\"{&quot;background_background&quot;:&quot;classic&quot;}\">\n\t\t\t\t\t\t<div class=\"elementor-container elementor-column-gap-default\">\n\t\t\t\t\t<div class=\"elementor-column elementor-col-50 elementor-top-column elementor-element elementor-element-2a48dd9\" data-id=\"2a48dd9\" data-element_type=\"column\">\n\t\t\t<div class=\"elementor-widget-wrap elementor-element-populated\">\n\t\t\t\t\t\t<div class=\"elementor-element elementor-element-0a7c550 elementor-invisible elementor-widget elementor-widget-image\" data-id=\"0a7c550\" data-element_type=\"widget\" data-settings=\"{&quot;_animation&quot;:&quot;fadeInLeft&quot;}\" data-widget_type=\"image.default\">\n\t\t\t\t<div class=\"elementor-widget-container\">\n\t\t\t\t\t\t\t\t\t\t\t\t\t\t\t<img decoding=\"async\" width=\"1024\" height=\"1024\" src=\"https:\/\/minaznakliyat.com\/main\/wp-content\/uploads\/2025\/02\/kimyasal-tasima-hizmeti-1024x1024.png\" class=\"attachment-large size-large wp-image-3284\" alt=\"\" srcset=\"https:\/\/minaznakliyat.com\/main\/wp-content\/uploads\/2025\/02\/kimyasal-tasima-hizmeti-1024x1024.png 1024w, https:\/\/minaznakliyat.com\/main\/wp-content\/uploads\/2025\/02\/kimyasal-tasima-hizmeti-300x300.png 300w, https:\/\/minaznakliyat.com\/main\/wp-content\/uploads\/2025\/02\/kimyasal-tasima-hizmeti-150x150.png 150w, https:\/\/minaznakliyat.com\/main\/wp-content\/uploads\/2025\/02\/kimyasal-tasima-hizmeti-768x768.png 768w, https:\/\/minaznakliyat.com\/main\/wp-content\/uploads\/2025\/02\/kimyasal-tasima-hizmeti-80x80.png 80w, https:\/\/minaznakliyat.com\/main\/wp-content\/uploads\/2025\/02\/kimyasal-tasima-hizmeti.png 1080w\" sizes=\"(max-width: 1024px) 100vw, 1024px\" \/>\t\t\t\t\t\t\t\t\t\t\t\t\t\t\t<\/div>\n\t\t\t\t<\/div>\n\t\t\t\t\t<\/div>\n\t\t<\/div>\n\t\t\t\t<div class=\"elementor-column elementor-col-50 elementor-top-column elementor-element elementor-element-2cd7add\" data-id=\"2cd7add\" data-element_type=\"column\">\n\t\t\t<div class=\"elementor-widget-wrap elementor-element-populated\">\n\t\t\t\t\t\t<div class=\"elementor-element elementor-element-0ae8831 elementor-widget elementor-widget-section-head\" data-id=\"0ae8831\" data-element_type=\"widget\" data-widget_type=\"section-head.default\">\n\t\t\t\t<div class=\"elementor-widget-container\">\n\t\t\t\t\t\t        <div class=\"section-title t-section-title t-features-title text-left \" style=\"background-image: url();\">\r\n\t            \t\t        <span >Misyonumuz<\/span>\r\n\t\t        \t\t        <h2 >\u0130stikrarl\u0131 \u00c7al\u0131\u015fma<\/h2>\r\n\t\t        \t        <\/div>\r\n\r\n\t    \t\t\t\t\t<\/div>\n\t\t\t\t<\/div>\n\t\t\t\t<div class=\"elementor-element elementor-element-2563025 elementor-widget elementor-widget-heading\" data-id=\"2563025\" data-element_type=\"widget\" data-widget_type=\"heading.default\">\n\t\t\t\t<div class=\"elementor-widget-container\">\n\t\t\t\t\t<h4 class=\"elementor-heading-title elementor-size-default\">Minaz Nakliyat olarak, s\u0131v\u0131 ta\u015f\u0131mac\u0131l\u0131\u011f\u0131 sekt\u00f6r\u00fcnde g\u00fcvenli\u011fi, h\u0131z ve profesyonelli\u011fi \u00f6n planda tutarak, m\u00fc\u015fterilerimize en y\u00fcksek kalitede hizmet sunmay\u0131 misyon edinmi\u015f bulunuyoruz. <\/h4>\t\t\t\t<\/div>\n\t\t\t\t<\/div>\n\t\t\t\t<div class=\"elementor-element elementor-element-7a4c04a elementor-widget elementor-widget-heading\" data-id=\"7a4c04a\" data-element_type=\"widget\" data-widget_type=\"heading.default\">\n\t\t\t\t<div class=\"elementor-widget-container\">\n\t\t\t\t\t<p class=\"elementor-heading-title elementor-size-default\">M\u00fc\u015fteri memnuniyetini her zaman \u00f6nceli\u011fimiz kabul eder, her ta\u015f\u0131ma i\u015fleminde operasyonel m\u00fckemmeliyet anlay\u0131\u015f\u0131yla en y\u00fcksek g\u00fcvenlik standartlar\u0131n\u0131 sa\u011flar, \u00e7evre dostu \u00e7\u00f6z\u00fcmlerle sekt\u00f6re de\u011fer katar\u0131z. Alan\u0131nda uzmanla\u015fm\u0131\u015f kadromuz ve son teknoloji ile donat\u0131lm\u0131\u015f tanker filomuzla, her t\u00fcrl\u00fc s\u0131v\u0131 ta\u015f\u0131ma ihtiyac\u0131n\u0131 en g\u00fcvenli \u015fekilde kar\u015f\u0131layarak, T\u00fcrkiye genelindeki kurumsal m\u00fc\u015fterilerimize h\u0131zl\u0131 ve g\u00fcvenilir \u00e7\u00f6z\u00fcmler sunmaya devam ediyoruz. G\u00fc\u00e7l\u00fc i\u015f ortakl\u0131klar\u0131 kurarak sekt\u00f6rdeki lider konumumuzu peki\u015ftirir, her ad\u0131mda s\u00fcrd\u00fcr\u00fclebilir ba\u015far\u0131 hedefleriz.\n\n\n\n\n<\/p>\t\t\t\t<\/div>\n\t\t\t\t<\/div>\n\t\t\t\t\t<\/div>\n\t\t<\/div>\n\t\t\t\t\t<\/div>\n\t\t<\/section>\n\t\t\t\t<section class=\"elementor-section elementor-top-section elementor-element elementor-element-bce3a85 elementor-section-boxed elementor-section-height-default elementor-section-height-default\" data-id=\"bce3a85\" data-element_type=\"section\" data-settings=\"{&quot;background_background&quot;:&quot;classic&quot;}\">\n\t\t\t\t\t\t<div class=\"elementor-container elementor-column-gap-default\">\n\t\t\t\t\t<div class=\"elementor-column elementor-col-50 elementor-top-column elementor-element elementor-element-89209e3\" data-id=\"89209e3\" data-element_type=\"column\">\n\t\t\t<div class=\"elementor-widget-wrap elementor-element-populated\">\n\t\t\t\t\t\t<div class=\"elementor-element elementor-element-ce7b964 elementor-widget elementor-widget-section-head\" data-id=\"ce7b964\" data-element_type=\"widget\" data-widget_type=\"section-head.default\">\n\t\t\t\t<div class=\"elementor-widget-container\">\n\t\t\t\t\t\t        <div class=\"section-title t-section-title t-features-title text-left \" style=\"background-image: url();\">\r\n\t            \t\t        <span >Vizyonumuz<\/span>\r\n\t\t        \t\t        <h2 >Gelece\u011fe Bak\u0131\u015f A\u00e7\u0131m\u0131z<\/h2>\r\n\t\t        \t        <\/div>\r\n\r\n\t    \t\t\t\t\t<\/div>\n\t\t\t\t<\/div>\n\t\t\t\t<div class=\"elementor-element elementor-element-4fd9ba1 elementor-widget elementor-widget-heading\" data-id=\"4fd9ba1\" data-element_type=\"widget\" data-widget_type=\"heading.default\">\n\t\t\t\t<div class=\"elementor-widget-container\">\n\t\t\t\t\t<h4 class=\"elementor-heading-title elementor-size-default\">Vizyonumuz, s\u00fcrekli geli\u015fim ve inovasyon ilkesiyle, sekt\u00f6rdeki en y\u00fcksek g\u00fcvenlik standartlar\u0131n\u0131 ve m\u00fc\u015fteri memnuniyetini sa\u011flayarak, sekt\u00f6rdeki en tercih edilen ta\u015f\u0131ma hizmeti sa\u011flay\u0131c\u0131s\u0131 olmakt\u0131r. <\/h4>\t\t\t\t<\/div>\n\t\t\t\t<\/div>\n\t\t\t\t<div class=\"elementor-element elementor-element-30c8556 elementor-widget elementor-widget-heading\" data-id=\"30c8556\" data-element_type=\"widget\" data-widget_type=\"heading.default\">\n\t\t\t\t<div class=\"elementor-widget-container\">\n\t\t\t\t\t<p class=\"elementor-heading-title elementor-size-default\">Minaz Nakliyat olarak, s\u0131v\u0131 ta\u015f\u0131mac\u0131l\u0131\u011f\u0131 sekt\u00f6r\u00fcnde lider ve g\u00fcvenilir bir firma olmay\u0131 hedefliyoruz. Geli\u015fen teknolojilere ayak uydurarak, \u00e7evre dostu ve s\u00fcrd\u00fcr\u00fclebilir ta\u015f\u0131ma \u00e7\u00f6z\u00fcmleri sunmay\u0131 ve sekt\u00f6rdeki t\u00fcm yenilik\u00e7i uygulamalar\u0131 hayata ge\u00e7irmeyi ama\u00e7l\u0131yoruz. M\u00fc\u015fterilerimize en g\u00fcvenli, h\u0131zl\u0131 ve kaliteli hizmeti sunarak, her t\u00fcrl\u00fc s\u0131v\u0131 ta\u015f\u0131mac\u0131l\u0131\u011f\u0131 ihtiyac\u0131n\u0131 en iyi \u015fekilde kar\u015f\u0131lamay\u0131 ve sekt\u00f6rdeki g\u00fc\u00e7l\u00fc konumumuzu daha da peki\u015ftirmeyi hedefliyoruz.\n\n\n\n\n<\/p>\t\t\t\t<\/div>\n\t\t\t\t<\/div>\n\t\t\t\t\t<\/div>\n\t\t<\/div>\n\t\t\t\t<div class=\"elementor-column elementor-col-50 elementor-top-column elementor-element elementor-element-f9955a1\" data-id=\"f9955a1\" data-element_type=\"column\">\n\t\t\t<div class=\"elementor-widget-wrap elementor-element-populated\">\n\t\t\t\t\t\t<div class=\"elementor-element elementor-element-f7b0b16 elementor-invisible elementor-widget elementor-widget-image\" data-id=\"f7b0b16\" data-element_type=\"widget\" data-settings=\"{&quot;_animation&quot;:&quot;fadeInLeft&quot;}\" data-widget_type=\"image.default\">\n\t\t\t\t<div class=\"elementor-widget-container\">\n\t\t\t\t\t\t\t\t\t\t\t\t\t\t\t<img decoding=\"async\" width=\"1024\" height=\"1024\" src=\"https:\/\/minaznakliyat.com\/main\/wp-content\/uploads\/2025\/02\/yag-tasima-hizmeti-1024x1024.png\" class=\"attachment-large size-large wp-image-3275\" alt=\"\" srcset=\"https:\/\/minaznakliyat.com\/main\/wp-content\/uploads\/2025\/02\/yag-tasima-hizmeti-1024x1024.png 1024w, https:\/\/minaznakliyat.com\/main\/wp-content\/uploads\/2025\/02\/yag-tasima-hizmeti-300x300.png 300w, https:\/\/minaznakliyat.com\/main\/wp-content\/uploads\/2025\/02\/yag-tasima-hizmeti-150x150.png 150w, https:\/\/minaznakliyat.com\/main\/wp-content\/uploads\/2025\/02\/yag-tasima-hizmeti-768x768.png 768w, https:\/\/minaznakliyat.com\/main\/wp-content\/uploads\/2025\/02\/yag-tasima-hizmeti-80x80.png 80w, https:\/\/minaznakliyat.com\/main\/wp-content\/uploads\/2025\/02\/yag-tasima-hizmeti.png 1080w\" sizes=\"(max-width: 1024px) 100vw, 1024px\" \/>\t\t\t\t\t\t\t\t\t\t\t\t\t\t\t<\/div>\n\t\t\t\t<\/div>\n\t\t\t\t\t<\/div>\n\t\t<\/div>\n\t\t\t\t\t<\/div>\n\t\t<\/section>\n\t\t\t\t<\/div>\n\t\t","protected":false},"excerpt":{"rendered":"<p>19 Y\u0131ll\u0131k tecr\u00fcbe ile Kurumsal Minaz Nakliyat: G\u00fcvenli ve Profesyonel Tanker Ta\u015f\u0131mac\u0131l\u0131\u011f\u0131 \u00c7\u00f6z\u00fcmleri Minaz Nakliyat, T\u00fcrkiye genelinde tanker ta\u015f\u0131mac\u0131l\u0131\u011f\u0131 alan\u0131nda faaliyet g\u00f6steren ve sekt\u00f6rdeki en y\u00fcksek g\u00fcvenlik standartlar\u0131na sahip \u00f6nc\u00fc bir ta\u015f\u0131mac\u0131l\u0131k firmas\u0131 olarak, y\u0131llar\u0131n deneyimi ve g\u00fc\u00e7l\u00fc altyap\u0131s\u0131 ile sekt\u00f6rdeki lider konumunu s\u00fcrd\u00fcrmektedir. Su, at\u0131k ya\u011f, at\u0131k su, yan\u0131c\u0131 ve patlay\u0131c\u0131 maddeler, kimyasal maddeler [&hellip;]<\/p>\n","protected":false},"author":1,"featured_media":0,"parent":0,"menu_order":0,"comment_status":"closed","ping_status":"closed","template":"page-template\/blank-page-sidebar.php","meta":{"_acf_changed":false,"_siteseo_robots_primary_cat":"","pagelayer_contact_templates":[],"_pagelayer_content":"","footnotes":""},"class_list":["post-797","page","type-page","status-publish","hentry"],"acf":[],"_links":{"self":[{"href":"https:\/\/minaznakliyat.com\/main\/wp-json\/wp\/v2\/pages\/797","targetHints":{"allow":["GET"]}}],"collection":[{"href":"https:\/\/minaznakliyat.com\/main\/wp-json\/wp\/v2\/pages"}],"about":[{"href":"https:\/\/minaznakliyat.com\/main\/wp-json\/wp\/v2\/types\/page"}],"author":[{"embeddable":true,"href":"https:\/\/minaznakliyat.com\/main\/wp-json\/wp\/v2\/users\/1"}],"replies":[{"embeddable":true,"href":"https:\/\/minaznakliyat.com\/main\/wp-json\/wp\/v2\/comments?post=797"}],"version-history":[{"count":14,"href":"https:\/\/minaznakliyat.com\/main\/wp-json\/wp\/v2\/pages\/797\/revisions"}],"predecessor-version":[{"id":3346,"href":"https:\/\/minaznakliyat.com\/main\/wp-json\/wp\/v2\/pages\/797\/revisions\/3346"}],"wp:attachment":[{"href":"https:\/\/minaznakliyat.com\/main\/wp-json\/wp\/v2\/media?parent=797"}],"curies":[{"name":"wp","href":"https:\/\/api.w.org\/{rel}","templated":true}]}}